137
What are the prime factors of 38451420?
2, 3, 5, 7, 30517
What are the prime factors of 1303427203?
13, 7712587
List the prime factors of 196908071.
2927, 67273
List the prime factors of 35011261.
35011261
List the prime factors of 27978675.
3, 5, 373049
List the prime factors of 5741695791.
3, 13, 73, 672251
What are the prime factors of 840908948?
2, 11, 71, 269177
What are the prime factors of 157358967?
3, 1439, 36451
What are the prime factors of 57872191?
13, 443, 773
What are the prime factors of 4671054038?
2, 7, 23, 2801, 5179
List the prime factors of 325375930.
2, 5, 11, 2957963
List the prime factors of 3360109826.
2, 59, 199, 143093
What are the prime factors of 1719328290?
2, 3, 5, 57310943
List the prime factors of 83291379.
3, 47, 590719
List the prime factors of 8084924587.
29, 13687, 20369
What are the prime factors of 400489048?
2, 769, 65099
List the prime factors of 389451267.
3, 61, 236461
What are the prime factors of 3485957932?
2, 871489483
List the prime factors of 176969806.
2, 13, 193, 35267
List the prime factors of 1190950869.
3, 1877, 211499
What are the prime factors of 84505646?
2, 421, 100363
What are the prime factors of 732331969?
1097, 667577
List the prime factors of 316440467.
7, 31, 271, 5381
What are the prime factors of 67290301?
13, 17, 304481
What are the prime factors of 27832009?
17, 1637177
List the prime factors of 32977714.
2, 7, 11, 214141
List the prime factors of 2791235166.
2, 3, 19, 2341, 10459
List the prime factors of 336676891.
17, 107, 185089
What are the prime factors of 12544198?
2, 17, 368947
What are the prime factors of 2092998537?
3, 7, 17, 1954247
List the prime factors of 621104845.
5, 124220969
What are the prime factors of 38486780?
2, 5, 19, 101281
List the prime factors of 1824540625.
5, 583853
What are the prime factors of 256879979?
17, 43, 127, 2767
List the prime factors of 1585474928.
2, 193, 513431
What are the prime factors of 202473003?
3, 1009, 66889
What are the prime factors of 30699058?
2, 13, 1180733
List the prime factors of 260079583.
17, 15298799
List the prime factors of 61451943.
3, 7, 2926283
What are the prime factors of 163504862?
2, 81752431
What are the prime factors of 65104060?
2, 5, 7, 149, 3121
What are the prime factors of 61195488?
2, 3, 31, 20563
What are the prime factors of 49699791?
3, 1840733
What are the prime factors of 88479478?
2, 149, 296911
What are the prime factors of 25708548?
2, 3, 31, 69109
What are the prime factors of 12129841?
107, 113363
List the prime factors of 47244836.
2, 17, 53, 13109
List the prime factors of 669808772.
2, 17, 9850129
List the prime factors of 5164821925.
5, 23, 2663, 3373
What are the prime factors of 1775975497?
8707, 203971
What are the prime factors of 227344796?
2, 7, 149, 54493
What are the prime factors of 493201411?
19, 53, 9241
List the prime factors of 2924375911.
167, 173, 101221
List the prime factors of 245263784.
2, 1621, 18913
What are the prime factors of 8778331?
47, 186773
List the prime factors of 374110578.
2, 3, 43, 483347
What are the prime factors of 1777098285?
3, 5, 67, 79, 829
What are the prime factors of 669950092?
2, 7, 193, 123973
List the prime factors of 48728510.
2, 5, 271, 17981
List the prime factors of 1101537429.
3, 577, 636359
List the prime factors of 1127840510.
2, 5, 73, 1544987
What are the prime factors of 264551398?
2, 29, 59, 97, 797
List the prime factors of 247052479.
29, 8519051
List the prime factors of 392232290.
2, 5, 39223229
List the prime factors of 37920223.
11, 31, 61, 1823
What are the prime factors of 155047238?
2, 61, 1270879
List the prime factors of 203762229.
3, 11, 127, 48619
What are the prime factors of 383773455?
3, 5, 13, 656023
What are the prime factors of 1495760482?
2, 747880241
List the prime factors of 1226257306.
2, 211, 2905823
What are the prime factors of 1073486408?
2, 134185801
What are the prime factors of 68180038?
2, 34090019
What are the prime factors of 403617114?
2, 3, 19, 61, 6449
What are the prime factors of 70232367?
3, 53, 441713
List the prime factors of 33617289.
3, 19, 139, 4243
What are the prime factors of 105071118?
2, 3, 17, 29, 35521
List the prime factors of 2308828.
2, 47, 12281
What are the prime factors of 639710961?
3, 1613, 132199
List the prime factors of 3808986540.
2, 3, 5, 127, 419, 1193
What are the prime factors of 2830419778?
2, 19, 29, 135181
List the prime factors of 224835002.
2, 7, 31, 139, 3727
List the prime factors of 1130789863.
7, 229, 705421
What are the prime factors of 5288902571?
5288902571
List the prime factors of 93591827.
7, 281, 47581
What are the prime factors of 166305411?
3, 47, 393157
What are the prime factors of 27862174?
2, 13931087
What are the prime factors of 136434411?
3, 277, 54727
What are the prime factors of 841296480?
2, 3, 5, 1752701
What are the prime factors of 1155561756?
2, 3, 53, 79, 109, 211
List the prime factors of 6277154311.
199, 31543489
What are the prime factors of 413860726?
2, 31, 857, 7789
What are the prime factors of 30928814?
2, 7, 17, 129953
What are the prime factors of 4492102253?
17, 37, 7141657
List the prime factors of 167178653.
9281, 18013
What are the prime factors of 3049455855?
3, 5, 113, 1799089
What are the prime factors of 2789286431?
19, 4621, 31769
List the prime factors of 38315517.
3, 12771839
What are the prime factors of 392651483?
7, 56093069
List the prime factors of 7647382.
2, 17, 37, 6079
List the prime factors of 3642318981.
3, 7, 19, 251, 449
List the prime factors of 14092851.
3, 19, 433, 571
What are the prime factors of 377690754?
2, 3, 7, 8992637
List the prime factors of 156956817.
3, 349, 149911
What are the prime factors of 24012496?
2, 1500781
List the prime factors of 516306972.
2, 3, 43025581
What are the prime factors of 108389032?
2, 157, 86297
List the prime factors of 2253112474.
2, 617, 1825861
What are the prime factors of 1018058328?
2, 3, 7, 17, 39607
List the prime factors of 80648376.
2, 3, 1033, 3253
What are the prime factors of 40423037?
1553, 26029
List the prime factors of 470493838.
2, 235246919
List the prime factors of 3300094111.
17, 127, 1528529
List the prime factors of 264842747.
13, 277, 73547
List the prime factors of 71485510.
2, 5, 17, 420503
List the prime factors of 1501134301.
24091, 62311
What are the prime factors of 72908648?
2, 17, 37, 14489
List the prime factors of 427639420.
2, 5, 13, 17, 31, 3121
What are the prime factors of 5157080878?
2, 2578540439
List the prime factors of 27406275.
3, 5, 13, 28109
List the prime factors of 265383827.
265383827
List the prime factors of 1034693548.
2, 7, 23, 41, 149, 263
What are the prime factors of 26664821?
26664821
What are the prime factors of 113752734?
2, 3, 19, 53, 67, 281
What are the prime factors of 35270710?
2, 5, 3527071
What are the prime factors of 3105576011?
19, 163451369
List the prime factors of 386444913.
3, 43, 2995697
What are the prime factors of 473384677?
19, 101, 246683
What are the prime factors of 356764740?
2, 3, 5, 31, 59, 3251
What are the prime factors of 65656181?
67, 631, 1553
List the prime factors of 1789864930.
2, 5, 7, 479, 53381
What are the prime factors of 23139490?
2, 5, 11, 210359
What are the prime factors of 1055730185?
5, 113, 1868549
List the prime factors of 331484873.
3061, 108293
What are the prime factors of 100022323?
100022323
List the prime factors of 10563413.
7, 1509059
What are the prime factors of 3261041735?
5, 7, 29, 3212849
What are the prime factors of 25901393?
7, 61, 60659
List the prime factors of 36056153.
7, 79, 113, 577
What are the prime factors of 96282234?
2, 3, 19, 281527
List the prime factors of 899003577.
3, 299667859
What are the prime factors of 201307327?
13, 15485179
What are the prime factors of 90580737?
3, 13, 2322583
What are the prime factors of 31668228?
2, 3, 879673
List the prime factors of 428851966.
2, 2971, 72173
What are the prime factors of 178222776?
2, 3, 881, 8429
List the prime factors of 31248564.
2, 3, 181, 14387
What are the prime factors of 155116087?
7, 1601, 13841
What are the prime factors of 1191912607?
1191912607
List the prime factors of 27236421.
3, 353, 8573
List the prime factors of 2511568491.
3, 17, 49246441
What a